inder when 544857 is divided by 544834.
23
What is the remainder when 1415138 is divided by 3784?
3706
What is the remainder when 5114681 is divided by 64?
57
Calculate the remainder when 32438277 is divided by 690176.
5
What is the remainder when 2467336 is divided by 184?
80
Calculate the remainder when 256271 is divided by 724.
699
Calculate the remainder when 326230 is divided by 6395.
85
What is the remainder when 51682 is divided by 12812?
434
Calculate the remainder when 67406333 is divided by 17.
7
What is the remainder when 104766 is divided by 25578?
2454
What is the remainder when 92292 is divided by 488?
60
What is the remainder when 369513 is divided by 52764?
165
What is the remainder when 158462 is divided by 10435?
1937
Calculate the remainder when 29614765 is divided by 152.
149
Calculate the remainder when 94590 is divided by 31522.
24
What is the remainder when 378150 is divided by 2101?
2071
Calculate the remainder when 12608405 is divided by 11.
7
Calculate the remainder when 29996 is divided by 7049.
1800
Calculate the remainder when 234095 is divided by 29257.
39
Calculate the remainder when 4939969 is divided by 170336.
225
What is the remainder when 1318 is divided by 268?
246
What is the remainder when 375868 is divided by 377?
376
What is the remainder when 8329 is divided by 3180?
1969
What is the remainder when 18555 is divided by 4673?
4536
Calculate the remainder when 2801628 is divided by 1345.
1338
What is the remainder when 72126 is divided by 3645?
2871
What is the remainder when 2650022 is divided by 331245?
62
Calculate the remainder when 192401 is divided by 20.
1
Calculate the remainder when 53680041 is divided by 4548.
4545
Calculate the remainder when 318511565 is divided by 25.
15
What is the remainder when 7512253 is divided by 1631?
1498
What is the remainder when 160145 is divided by 1542?
1319
What is the remainder when 10278581 is divided by 206?
5
What is the remainder when 1256277 is divided by 2023?
2017
What is the remainder when 139395395 is divided by 588?
587
What is the remainder when 2405481 is divided by 25057?
9
What is the remainder when 5828015 is divided by 1456998?
23
Calculate the remainder when 6468630 is divided by 3094.
2170
Calculate the remainder when 118265 is divided by 628.
201
Calculate the remainder when 2222391 is divided by 71687.
94
Calculate the remainder when 6553669 is divided by 996.
985
What is the remainder when 37301034 is divided by 5?
4
What is the remainder when 17348 is divided by 2159?
76
What is the remainder when 452711 is divided by 2795?
2716
What is the remainder when 2262 is divided by 127?
103
Calculate the remainder when 5782769 is divided by 179.
174
Calculate the remainder when 88681924 is divided by 150054.
10
What is the remainder when 1229629751 is divided by 39?
38
Calculate the remainder when 352705 is divided by 9040.
145
Calculate the remainder when 32798228 is divided by 2730.
8
Calculate the remainder when 115573140 is divided by 1060304.
4
What is the remainder when 2964529 is divided by 1540?
29
Calculate the remainder when 270557 is divided by 604.
569
Calculate the remainder when 630903 is divided by 23362.
129
What is the remainder when 150739 is divided by 14?
1
What is the remainder when 24906235 is divided by 71?
3
Calculate the remainder when 279871 is divided by 399.
172
Calculate the remainder when 8229601 is divided by 4838.
163
What is the remainder when 17867344 is divided by 35?
19
What is the remainder when 1736785 is divided by 4506?
1975
Calculate the remainder when 20101915 is divided by 5521.
5475
Calculate the remainder when 606536 is divided by 12902.
142
What is the remainder when 220149 is divided by 8320?
3829
What is the remainder when 3443729 is divided by 132451?
3
What is the remainder when 44324030 is divided by 76?
70
Calculate the remainder when 23100 is divided by 11407.
286
Calculate the remainder when 79521 is divided by 39719.
83
What is the remainder when 63115184 is divided by 2039?
2017
What is the remainder when 1475834 is divided by 491937?
23
What is the remainder when 23311 is divided by 7660?
331
What is the remainder when 37963867 is divided by 2732?
2727
Calculate the remainder when 5284534 is divided by 1761507.
13
Calculate the remainder when 2370844 is divided by 790273.
25
Calculate the remainder when 434994056 is divided by 223.
221
What is the remainder when 12548081 is divided by 6274032?
17
Calculate the remainder when 2180566 is divided by 31.
26
Calculate the remainder when 24264183 is divided by 232.
231
What is the remainder when 214337 is divided by 30611?
60
What is the remainder when 709446 is divided by 116?
106
Calculate the remainder when 1197304 is divided by 1120.
24
What is the remainder when 2989249 is divided by 14?
11
What is the remainder when 90656013 is divided by 22663986?
69
Calculate the remainder when 1645295 is divided by 1645277.
18
Calculate the remainder when 18365153 is divided by 31501.
70
What is the remainder when 14919490 is divided by 1974?
1972
What is the remainder when 83018 is divided by 667?
310
What is the remainder when 67502460 is divided by 22500812?
24
What is the remainder when 1126959 is divided by 3030?
2829
What is the remainder when 241013 is divided by 601?
12
What is the remainder when 131526 is divided by 121933?
9593
What is the remainder when 125579 is divided by 5976?
83
What is the remainder when 463541 is divided by 4732?
4537
Calculate the remainder when 808793 is divided by 330.
293
What is the remainder when 157833 is divided by 4383?
45
What is the remainder when 3682575 is divided by 1841224?
127
Calculate the remainder when 19990804 is divided by 41.
24
Calculate the remainder when 13684798 is divided by 1368476.
38
Calculate the remainder when 248187 is divided by 82226.
1509
Calculate the remainder when 6096480 is divided by 677386.
6
Calculate the remainder when 8054761 is divided by 878.
867
Calculate the remainder when 1687660 is divided by 32452.
156
What is the remainder when 16367623 is divided by 10656?
7
What is the remainder when 899 is divided by 262?
113
What is the remainder when 75296897 is divided by 12?
5
What is the remainder when 133616 is divided by 139?
37
Calculate the remainder when 1769015 is divided by 78.
53
Calculate the remainder when 9094625 is divided by 973.
967
Calculate the remainder when 1163575 is divided by 148.
147
What is the remainder when 4640336 is divided by 378?
8
What is the remainder when 282494870 is divided by 1625?
1620
Calculate the remainder when 1400984 is divided by 75.
59
What is the remainder when 2266935 is divided by 597?
126
What is the remainder when 2328659 is divided by 42337?
124
Calculate the remainder when 8863 is divided by 2949.
16
Calculate the remainder when 36893 is divided by 7112.
1333
What is the remainder when 74394082 is divided by 738?
730
Calculate the remainder when 10907707 is divided by 106.
95
What is the remainder when 198141 is divided by 47886?
6597
What is the remainder when 21848086 is divided by 106576?
6
What is the remainder when 1551119 is divided by 39?
11
What is the remainder when 1497782 is divided by 4511?
130
What is the remainder when 1664827 is divided by 1248?
1243
What is the remainder when 79234 is divided by 509?
339
Calculate the remainder when 123422 is divided by 3854.
94
What is the remainder when 169870 is divided by 438?
364
Calculate the remainder when 127776 is divided by 1844.
540
Calculate the remainder when 3337961 is divided by 154.
11
What is the remainder when 186906 is divided by 91774?
3358
What is the remainder when 12478726 is divided by 372?
358
What is the remainder when 422036 is divided by 438?
242
What is the remainder when 853654 is divided by 170704?
134
Calculate the remainder when 3701919 is divided by 925458.
87
Calculate the remainder when 3882 is divided by 2923.
959
What is the remainder when 163617 is divided by 22875?
3492
Calculate the remainder when 886805 is divided by 38422.
3099
What is the remainder when 902424 is divided by 223959?
6588
Calculate the remainder when 3122317 is divided by 1040647.
376
What is the remainder when 185826408 is divided by 400?
8
Calculate the remainder wh